*m - 5. Let b be 3 - (2 - 3)*8. Suppose 5*y - 14 = 2*q + b, 5*q - 2*y = -31. Give c(q).
-5
Let r(z) = -2*z + 10. Let o be r(8). Let d(a) = 5*a - 2 - 1 + a**2 + 4 + 5. What is d(o)?
12
Let u(w) = 0*w**2 + 2*w - 81 - w**2 + 82. Calculate u(0).
1
Let j(s) = 6*s**3 + s**2 - 6*s - 5*s**3 + 1 - 7*s**2. Let a(h) = -2*h + 21. Let o be a(7). Calculate j(o).
8
Let a = -334 - -335. Let s(o) = -4*o**3 - o**2 + 1. What is s(a)?
-4
Suppose -21 + 3 = -3*w. Let o(r) be the first derivative of -r**4/12 + r**3 + 3*r**2/2 + 7*r + 1. Let u(x) be the first derivative of o(x). Give u(w).
3
Let l(a) = -25*a + 7. Let c(d) = -30*d + 8. Let j(w) = 4*c(w) - 5*l(w). What is j(9)?
42
Let t(v) = 3*v + 21. Let g(i) = -3*i - 17. Let w(b) = 5*g(b) + 4*t(b). Give w(4).
-13
Let l(f) = 6*f**2 + 6. Let a(p) be the third derivative of p**5/60 - p**4/24 - 10*p**2. Let u(y) = 5*a(y) - l(y). What is u(-5)?
-6
Suppose -22 = g + 34. Let v = g - -64. Let n(i) = -i**2 + 9*i - 5. Determine n(v).
3
Let y(c) = c**3 - 6*c**2 + 7*c - 1. Let b(n) be the third derivative of n**4/6 - 7*n**3/6 + 2*n**2. Let j be b(5). Suppose 5*i = -j + 38. Calculate y(i).
9
Let w(y) = 12*y - 220. Let q be w(18). Let k(m) = -m**3 - 6*m**2 - 5*m - 5. Determine k(q).
-17
Let j(k) be the second derivative of k**3/2 - 7*k**2 - 7*k + 3. Calculate j(11).
19
Let a(v) be the third derivative of v**4/24 + v**3/3 - 2*v**2 + 7*v. Suppose 0 = -0*t - 2*t - 4*q + 16, -5*t = -3*q + 25. Let b = t + 2. What is a(b)?
2
Let h(r) = 2*r + 2. Let c(i) = i. Let t(q) = 3*c(q) - 3*h(q). Let g(s) = 2*s**2 - 44*s - 51. Let j be g(23). Determine t(j).
9
Suppose 5*o - i - 15 = -6*i, 0 = o + 3*i - 13. Let x(g) = -11*g - 3. Determine x(o).
19
Let a(w) = -3*w**2 - 33*w + 9. Let b(l) = -l**2 - 8*l + 2. Let c(r) = -2*a(r) + 9*b(r). Let j be (4/(-3))/(-2) + 280/(-60). Determine c(j).
-24
Let i(q) be the first derivative of -2*q - 4 - 3/2*q**2. Suppose 2*n = 5*w + 19, 4*n + 8*w - 3*w + 37 = 0. Determine i(n).
7
Let u(p) = -4*p**2 - 4*p - 1. Let z(i) = i**3 + 5*i**2 + 5*i + 1. Let a(q) = -5*u(q) - 4*z(q). Suppose 0 = 9*f + f - 10. Determine a(f).
-3
Let w(a) = 0*a**2 - a - 4 - 2*a + a**2. Let z(v) = v**2 + 37*v + 236. Let d be z(-29). Determine w(d).
0
Let i(p) be the third derivative of p**6/12 - p**5/30 - p**4/24 - 198*p**2. Suppose 3*t - 5 = -3*h + t, 6 = -2*h + t. Give i(h).
-11
Let l(c) = -c - 6. Suppose 0 = 22*g - 3*g + 266. Suppose -65 = 5*m + 20. Let q = m - g. Give l(q).
-3
Let t = 159 + -153. Let d(v) = v + 13. Determine d(t).
19
Let r(y) be the third derivative of 1/2*y**3 - 1/24*y**4 - 1/60*y**5 + 0*y + 0 - 38*y**2. Give r(-4).
-9
Let a(p) = p**3 + p**2 - 6*p - 4. Let o(h) = 2*h**3 + 2*h**2 - 8*h - 5. Let r(j) = -3*a(j) + 2*o(j). Let x(f) = -f - 7. Let y be x(-5). Calculate r(y).
-6
Let f be -9 + 13 + 2 + 0. Let b(l) = -l + 11. Let y be b(f). Let s(t) = 4*t + 2*t**2 - t**2 - 9*t - 7. What is s(y)?
-7
Suppose -60 = -3*c - 5*n, 0 = -c + n + 15 - 3. Suppose 0 = 3*f - c. Let w(r) = -3 - r**2 + f*r + 5 - 2*r + 0. Determine w(3).
2
Let p = 713 + -1423/2. Let l(b) be the first derivative of 3*b + p*b**2 + 2 - 1/3*b**3. Calculate l(4).
-1
Let n(b) = b**3 + 2*b**2 - b. Let r(m) = m**3 + 14*m**2 - 17*m + 1. Let k(q) = -2*n(q) + r(q). What is k(8)?
9
Let a(j) = -15*j**2 - 9*j + 9. Let c(b) = b**2 - 1. Let w(x) = a(x) + 4*c(x). Let o(d) = -3*d**2 - 2*d + 1. Let k(n) = -9*o(n) + 2*w(n). What is k(-1)?
6
Let k(p) = p**2 + 2*p - 5. Let c(v) = -v**3 + 43*v**2 - 83*v + 37. Let h be c(41). Determine k(h).
3
Let r = 142 + -145. Let s(w) = -w**2 + w + 3. Give s(r).
-9
Suppose 0 = -4*u - 103 + 23. Let v = u + 22. Let l(r) = -r**2 + 2*r. What is l(v)?
0
Let t be ((-2)/(-3))/((-2)/(-9)). Suppose -t*a = -a. Let d(l) be the second derivative of -l**4/12 + l**3/6 + 9*l**2/2 - 89*l. Give d(a).
9
Let m(b) = -b**2 + 8*b - 7. Let q(i) = -i**3 - 3*i**2 - i - 1. Let l be q(-2). Let x = 8 - l. Suppose 2*p - w - 8 = 0, p + 2*w + w = x. What is m(p)?
8
Let k = 50 - 46. Let m(j) = k + 0*j + 3*j - 4*j - 6. Let c(f) = -f**2 - f - 2. Let q be c(-2). Determine m(q).
2
Let w(x) = x**3 + 36*x**2 + 70*x + 61. Let i be w(-34). Let h(v) = 2*v**2 + 7*v - 16. What is h(i)?
33
Let u be (1/1)/(12/72). Let p(c) = 1 + 2 - 5*c + c**2 + 0*c - c. Give p(u).
3
Let s be 42/(-9)*24/(-28). Let j(w) = -3*w + 0 - s - 9*w**2 + 10*w**2. Calculate j(4).
0
Let j(x) = x**3 - x**2 + 3*x - 1. Let t(i) = 2*i**3 + 6*i - 2. Let m(g) = -4*j(g) + t(g). Determine m(2).
-10
Let y(r) = -r - 3. Let s(m) be the third derivative of -m**5/60 + 13*m**4/24 + 3*m**3 - 5*m**2. Suppose 0 = -5*n + 44 + 26. Let h be s(n). Give y(h).
-7
Let o(m) = -108*m**2 - 98*m**2 + 4*m + 209*m**2 + 1. What is o(-2)?
5
Let s(b) = -b**2 + 2*b. Suppose -9 = q + 2*q. Let o = q + 5. Suppose -5*a + o = -8. Calculate s(a).
0
Let t(d) = 9*d - 142. Let a be t(16). Let x(w) be the third derivative of 0 + 2*w**a + 1/120*w**6 + 0*w + 1/4*w**4 - 7/60*w**5 - w**3. What is x(6)?
-6
Let m(v) = v**3 - 11*v**2 + v - 16. Let g = -170 + 181. Calculate m(g).
-5
Let l be (-1 - -1)/(-2) + -1. Let o(n) be the first derivative of n**6/360 - n**4/24 - 5*n**3 + 10. Let c(m) be the third derivative of o(m). Determine c(l).
0
Let b(i) = -i**2 - 5*i - 6. Let v be 1/((-2)/(-3))*6. Let o = 6 + v. Suppose 3*z + 0 = -o. What is b(z)?
-6
Let r(f) = 2*f**2 - 3 + 0*f + 2*f + f**2. Suppose 7*a = 3*a + 48. Suppose 5*t = -t + a. Determine r(t).
13
Let y be 36/14*(-126)/(-54). Let f(i) = -i**3 + 7*i**2 - 6*i + 6. Calculate f(y).
6
Let t(m) be the third derivative of m**5/15 - m**4/24 - m**3/3 - 18*m**2 + 1. Let n be t(-1). Let i(f) = 3*f - 4. Give i(n).
5
Let a(v) = -v**3 + 5*v**2 + 2*v + 3. Suppose 0 = 6*x - 8*x + 36. Let r be (-4)/12 + 114/x. Determine a(r).
-21
Let j = -736 - -730. Let d(k) = 2*k**2 + 14*k + 1. What is d(j)?
-11
Suppose -4*m + 2*t - 24 = 6*t, -4*m + 3*t = 24. Let b(v) = -6*v - 2*v - 8*v**2 + 6*v**3 - 7*v**3 + 4. Calculate b(m).
-20
Let y be 4 + -3 + 2 - -9. Let z be (0 + y)/(-3) - 1. Let s(l) = 1. Let w(u) = -u**2 + 1. Let x(c) = z*s(c) + 6*w(c). Determine x(-1).
-5
Let q(w) = -2*w - 54. Suppose 4*i = 5*y - 106, -33*i + 28*i - 2*y - 116 = 0. What is q(i)?
-6
Let g(k) = 681*k**3 + 679*k**3 - 1359*k**3 + 4 - 6*k**2 + 4*k. Suppose 7*o - 2*o - 20 = 0. Give g(o).
-12
Let t(o) = -o**2 - o + 5. Suppose -3*s + 12 = -6*s. Let y = 10 + s. Suppose y*h = h. Give t(h).
5
Let s = -3 - -2. Let d(x) = x + 3. Let w(k) = -4*k**2 + 4*k + 11. Let m(b) = -4*d(b) + w(b). Give m(s).
-5
Let m(s) = 4*s - 10*s + 7*s + 7*s - 15 - 9*s. Determine m(-8).
-7
Let z(t) = 11*t**2 + 29*t + 1. Let u(y) = 16*y**2 + 46*y + 2. Let i(a) = 5*u(a) - 8*z(a). Give i(-1).
-4
Let q(b) be the first derivative of 7*b**4/4 + b**3/3 - b - 50. Let k be -1*10 - 24/(-8). Let i = -8 - k. Determine q(i).
-7
Let c(j) be the third derivative of -j**4/24 + 4*j**3/3 + 1547*j**2. Suppose 70 = 5*p + 5*a, -25 = -5*p - 0*a + 4*a. What is c(p)?
-1
Let q be 0 + 0 + (-4)/4. Let a(g) = 84*g + 13. Let k be a(3). Let b(v) = 13*v**2 + k - 264 + 4*v**2. Determine b(q).
18
Let f(z) = -2*z - 4. Suppose -2*q + 2*w - 6 = -2*w, -4*q + 2 = -w. Determine f(q).
-6
Let x = -168 + 170. Let j(t) be the third derivative of 1/12*t**4 + 0*t + 0*t**3 - t**x + 0. What is j(1)?
2
Let k(f) = f**3 + 5*f**2 - 5*f - 9. Suppose -3*v + 5*d = -2 - 3, -3*v + 3*d - 3 = 0. Calculate k(v).
16
Suppose 2 = -4*f + 18. Suppose 3*d + t - 2*t - 3 = 0, -f*t = -2*d + 12. Let u(w) = w - 2*w - 5 + 0*w - w**2. Give u(d).
-5
Let i(k) be the first derivative of -k**5/20 + 7*k**4/12 - 4*k**3/3 + 3*k**2 - 9*k + 7. Let y(n) be the first derivative of i(n). What is y(6)?
-6
Let i(y) = -y**3 - 3*y**2 - y - 3. Let f be 28/24 + 1/(-6). Suppose -g + j = -3, 5*g = -j + f + 2. Suppose d + 19 = -4*d + c, c = -d + g. Calculate i(d).
0
Let t(w) = w**3 - 2*w**2 - 4*w + 1. Let a(p) = p**2 + 3*p - 6. Let d be a(-5). Calculate t(d).
17
Suppose 4*z + 12 = -4*j, -42*j + 2*z = -43*j. Let k(d) = -d**3 - 7*d**2 - 2*d + 8. Give k(j).
-16
Let i(p) = p**2 + 3. Let t be i(0). Let c(d) = d**3 + 5*d**2 - d. Let x(v) = -4*v**3 - 16*v**2 + 2*v + 1. Let u(g) = 7*c(g) + 2*x(g). Calculate u(t).
-7
Suppose 0 = -4*p + 29 - 5. Suppose 0*q = p*q. Let w(n) = n - 8. Determine w(q).
-8
Let s(k) be the third derivative of -1/40*k**6 - 1/12*k**4 + 0 + 1/20*k**5 + 0*k + k**2 + 1/2*k**3. Let o be (6/15)/